[INFO] cloning repository https://github.com/0nkery/astero-client
[INFO] running `Command { std: "git" "-c" "credential.helper=" "-c" "credential.helper=/workspace/cargo-home/bin/git-credential-null" "clone" "--bare" "https://github.com/0nkery/astero-client" "/workspace/cache/git-repos/https%3A%2F%2Fgithub.com%2F0nkery%2Fastero-client", kill_on_drop: false }`
[INFO] [stderr] Cloning into bare repository '/workspace/cache/git-repos/https%3A%2F%2Fgithub.com%2F0nkery%2Fastero-client'...
[INFO] running `Command { std: "git" "rev-parse" "HEAD", kill_on_drop: false }`
[INFO] [stdout] 37a7118cbed8e0821d3545434223f5f4c714d414
[INFO] checking 0nkery/astero-client against master#cfbc6d4cf1acbac5c025acf8ed68929caa551df3 for pr-75494-beta
[INFO] running `Command { std: "git" "clone" "/workspace/cache/git-repos/https%3A%2F%2Fgithub.com%2F0nkery%2Fastero-client" "/workspace/builds/worker-9/source", kill_on_drop: false }`
[INFO] [stderr] Cloning into '/workspace/builds/worker-9/source'...
[INFO] [stderr] done.
[INFO] validating manifest of git repo https://github.com/0nkery/astero-client on toolchain cfbc6d4cf1acbac5c025acf8ed68929caa551df3
[INFO] running `Command { std: "/workspace/cargo-home/bin/cargo" "+cfbc6d4cf1acbac5c025acf8ed68929caa551df3" "read-manifest" "--manifest-path" "Cargo.toml", kill_on_drop: false }`
[INFO] started tweaking git repo https://github.com/0nkery/astero-client
[INFO] finished tweaking git repo https://github.com/0nkery/astero-client
[INFO] tweaked toml for git repo https://github.com/0nkery/astero-client written to /workspace/builds/worker-9/source/Cargo.toml
[INFO] crate git repo https://github.com/0nkery/astero-client already has a lockfile, it will not be regenerated
[INFO] running `Command { std: "/workspace/cargo-home/bin/cargo" "+cfbc6d4cf1acbac5c025acf8ed68929caa551df3" "fetch" "--locked" "--manifest-path" "Cargo.toml", kill_on_drop: false }`
[INFO] [stderr]  Downloading crates ...
[INFO] [stderr]   Downloaded lyon_core v0.8.0
[INFO] [stderr]   Downloaded specs v0.10.0
[INFO] [stderr]   Downloaded ggez v0.4.0
[INFO] [stderr]   Downloaded lyon_tessellation v0.8.8
[INFO] [stderr]   Downloaded lyon_extra v0.8.6
[INFO] [stderr]   Downloaded gfx_window_sdl v0.7.0
[INFO] [stderr]   Downloaded svgparser v0.4.3
[INFO] [stderr]   Downloaded lyon_path v0.8.6
[INFO] [stderr]   Downloaded lyon_bezier v0.8.5
[INFO] [stderr]   Downloaded lyon_path_builder v0.8.6
[INFO] [stderr]   Downloaded lyon_svg v0.8.6
[INFO] [stderr]   Downloaded lyon v0.8.8
[INFO] [stderr]   Downloaded prost-derive v0.2.3
[INFO] [stderr]   Downloaded hibitset v0.3.2
[INFO] [stderr]   Downloaded atom v0.3.4
[INFO] [stderr]   Downloaded petgraph v0.4.11
[INFO] [stderr]   Downloaded socket2 v0.3.1
[INFO] [stderr]   Downloaded specs-derive v0.1.0
[INFO] [stderr]   Downloaded prost-build v0.2.3
[INFO] [stderr]   Downloaded lyon_path_iterator v0.8.5
[INFO] [stderr]   Downloaded prost-types v0.2.3
[INFO] [stderr]   Downloaded prost v0.2.3
[INFO] [stderr]   Downloaded app_dirs v1.1.1
[INFO] [stderr]   Downloaded curl v0.4.11
[INFO] [stderr]   Downloaded clippy_lints v0.0.183
[INFO] [stderr]   Downloaded clippy v0.0.183
[INFO] running `Command { std: "docker" "create" "-v" "/var/lib/crater-agent-workspace/builds/worker-9/target:/opt/rustwide/target:rw,Z" "-v" "/var/lib/crater-agent-workspace/builds/worker-9/source:/opt/rustwide/workdir:ro,Z" "-v" "/var/lib/crater-agent-workspace/cargo-home:/opt/rustwide/cargo-home:ro,Z" "-v" "/var/lib/crater-agent-workspace/rustup-home:/opt/rustwide/rustup-home:ro,Z" "-e" "SOURCE_DIR=/opt/rustwide/workdir" "-e" "CARGO_TARGET_DIR=/opt/rustwide/target" "-e" "CARGO_HOME=/opt/rustwide/cargo-home" "-e" "RUSTUP_HOME=/opt/rustwide/rustup-home" "-w" "/opt/rustwide/workdir" "-m" "1610612736" "--user" "0:0" "--network" "none" "rustops/crates-build-env@sha256:a636fd89d022f18117e1dc8fb37a0a009933cdbbe082814857f0e2024962d47c" "/opt/rustwide/cargo-home/bin/cargo" "+cfbc6d4cf1acbac5c025acf8ed68929caa551df3" "metadata" "--no-deps" "--format-version=1", kill_on_drop: false }`
[INFO] [stdout] a4cd3db0e8934dea6e1ad9fb3ff657e1aa6562e906c6d056ab7861eb8eb094e2
[INFO] [stderr] WARNING: Your kernel does not support swap limit capabilities or the cgroup is not mounted. Memory limited without swap.
[INFO] running `Command { std: "docker" "start" "-a" "a4cd3db0e8934dea6e1ad9fb3ff657e1aa6562e906c6d056ab7861eb8eb094e2", kill_on_drop: false }`
[INFO] running `Command { std: "docker" "inspect" "a4cd3db0e8934dea6e1ad9fb3ff657e1aa6562e906c6d056ab7861eb8eb094e2", kill_on_drop: false }`
[INFO] running `Command { std: "docker" "rm" "-f" "a4cd3db0e8934dea6e1ad9fb3ff657e1aa6562e906c6d056ab7861eb8eb094e2", kill_on_drop: false }`
[INFO] [stdout] a4cd3db0e8934dea6e1ad9fb3ff657e1aa6562e906c6d056ab7861eb8eb094e2
[INFO] running `Command { std: "docker" "create" "-v" "/var/lib/crater-agent-workspace/builds/worker-9/target:/opt/rustwide/target:rw,Z" "-v" "/var/lib/crater-agent-workspace/builds/worker-9/source:/opt/rustwide/workdir:ro,Z" "-v" "/var/lib/crater-agent-workspace/cargo-home:/opt/rustwide/cargo-home:ro,Z" "-v" "/var/lib/crater-agent-workspace/rustup-home:/opt/rustwide/rustup-home:ro,Z" "-e" "SOURCE_DIR=/opt/rustwide/workdir" "-e" "CARGO_TARGET_DIR=/opt/rustwide/target" "-e" "CARGO_INCREMENTAL=0" "-e" "RUST_BACKTRACE=full" "-e" "RUSTFLAGS=--cap-lints=forbid" "-e" "CARGO_HOME=/opt/rustwide/cargo-home" "-e" "RUSTUP_HOME=/opt/rustwide/rustup-home" "-w" "/opt/rustwide/workdir" "-m" "1610612736" "--user" "0:0" "--network" "none" "rustops/crates-build-env@sha256:a636fd89d022f18117e1dc8fb37a0a009933cdbbe082814857f0e2024962d47c" "/opt/rustwide/cargo-home/bin/cargo" "+cfbc6d4cf1acbac5c025acf8ed68929caa551df3" "check" "--frozen" "--all" "--all-targets" "--message-format=json", kill_on_drop: false }`
[INFO] [stdout] 4fb52db2b708df954646dd87fd56377606af45870ebe3dbe9b0f3ee9d8709818
[INFO] [stderr] WARNING: Your kernel does not support swap limit capabilities or the cgroup is not mounted. Memory limited without swap.
[INFO] running `Command { std: "docker" "start" "-a" "4fb52db2b708df954646dd87fd56377606af45870ebe3dbe9b0f3ee9d8709818", kill_on_drop: false }`
[INFO] [stderr]    Compiling cc v1.0.4
[INFO] [stderr]     Checking libc v0.2.36
[INFO] [stderr]     Checking num-traits v0.1.42
[INFO] [stderr]    Compiling pkg-config v0.3.9
[INFO] [stderr]     Checking cfg-if v0.1.2
[INFO] [stderr]    Compiling unicode-xid v0.0.4
[INFO] [stderr]    Compiling quote v0.3.15
[INFO] [stderr]    Compiling build_const v0.2.0
[INFO] [stderr]     Checking nodrop v0.1.12
[INFO] [stderr]    Compiling either v1.4.0
[INFO] [stderr]     Checking serde v1.0.27
[INFO] [stderr]     Checking byteorder v1.2.1
[INFO] [stderr]     Checking odds v0.2.26
[INFO] [stderr]    Compiling adler32 v1.0.2
[INFO] [stderr]    Compiling rayon-core v1.3.0
[INFO] [stderr]     Checking scopeguard v0.3.3
[INFO] [stderr]    Compiling bitflags v1.0.1
[INFO] [stderr]    Compiling khronos_api v2.0.0
[INFO] [stderr]    Compiling void v1.0.2
[INFO] [stderr]     Checking siphasher v0.2.2
[INFO] [stderr]    Compiling rustc-demangle v0.1.5
[INFO] [stderr]    Compiling lazy_static v1.0.0
[INFO] [stderr]    Compiling openssl-probe v0.1.2
[INFO] [stderr]    Compiling podio v0.1.6
[INFO] [stderr]     Checking futures v0.1.18
[INFO] [stderr]    Compiling sdl2-sys v0.30.0
[INFO] [stderr]    Compiling utf8-ranges v1.0.0
[INFO] [stderr]    Compiling typenum v1.9.0
[INFO] [stderr]    Compiling regex-syntax v0.4.2
[INFO] [stderr]     Checking rustc-serialize v0.3.24
[INFO] [stderr]    Compiling matrixmultiply v0.1.14
[INFO] [stderr]     Checking atom v0.3.4
[INFO] [stderr]    Compiling unicode-segmentation v1.2.0
[INFO] [stderr]    Compiling fixedbitset v0.1.8
[INFO] [stderr]     Checking lzw v0.10.0
[INFO] [stderr]     Checking bitflags v0.7.0
[INFO] [stderr]     Checking rawpointer v0.1.0
[INFO] [stderr]    Compiling multimap v0.4.0
[INFO] [stderr]     Checking byteorder v0.4.2
[INFO] [stderr]     Checking color_quant v1.0.0
[INFO] [stderr]     Checking xdg v2.1.0
[INFO] [stderr]     Checking lazycell v0.6.0
[INFO] [stderr]     Checking fnv v1.0.6
[INFO] [stderr]     Checking smallvec v0.4.4
[INFO] [stderr]     Checking hound v1.1.0
[INFO] [stderr]     Checking claxon v0.3.1
[INFO] [stderr]     Checking scoped_threadpool v0.1.8
[INFO] [stderr]     Checking slab v0.4.0
[INFO] [stderr]    Compiling log v0.4.1
[INFO] [stderr]    Compiling synom v0.11.3
[INFO] [stderr]     Checking arrayvec v0.4.7
[INFO] [stderr]     Checking inflate v0.3.3
[INFO] [stderr]    Compiling itertools v0.5.10
[INFO] [stderr]    Compiling itertools v0.7.6
[INFO] [stderr]    Compiling itertools v0.6.5
[INFO] [stderr]    Compiling xml-rs v0.7.0
[INFO] [stderr]    Compiling unreachable v1.0.0
[INFO] [stderr]     Checking coco v0.1.1
[INFO] [stderr]    Compiling syn v0.10.8
[INFO] [stderr]    Compiling crc v1.7.0
[INFO] [stderr]     Checking deflate v0.7.17
[INFO] [stderr]     Checking ogg v0.4.1
[INFO] [stderr]     Checking draw_state v0.7.1
[INFO] [stderr]     Checking phf_shared v0.7.21
[INFO] [stderr]     Checking arrayvec v0.3.25
[INFO] [stderr]     Checking rand v0.3.20
[INFO] [stderr]     Checking num_cpus v1.8.0
[INFO] [stderr]     Checking time v0.1.39
[INFO] [stderr]     Checking iovec v0.1.2
[INFO] [stderr]     Checking miniz_oxide v0.1.2
[INFO] [stderr]     Checking net2 v0.2.31
[INFO] [stderr]    Compiling memchr v2.0.1
[INFO] [stderr]    Compiling socket2 v0.3.1
[INFO] [stderr]    Compiling rand v0.4.2
[INFO] [stderr]     Checking num-integer v0.1.35
[INFO] [stderr]     Checking sid v0.5.0
[INFO] [stderr]     Checking enum_primitive v0.1.1
[INFO] [stderr]     Checking unreachable v0.1.1
[INFO] [stderr]    Compiling alsa-sys v0.1.1
[INFO] [stderr]    Compiling petgraph v0.4.11
[INFO] [stderr]    Compiling heck v0.3.0
[INFO] [stderr]     Checking gif v0.9.2
[INFO] [stderr]    Compiling kernel32-sys v0.2.2
[INFO] [stderr]     Checking stb_truetype v0.2.1
[INFO] [stderr]     Checking app_dirs v1.1.1
[INFO] [stderr]    Compiling syn v0.11.11
[INFO] [stderr]     Checking log v0.3.9
[INFO] [stderr]    Compiling thread_local v0.3.5
[INFO] [stderr]     Checking lewton v0.5.2
[INFO] [stderr]    Compiling bzip2-sys v0.1.6
[INFO] [stderr]    Compiling miniz_oxide_c_api v0.1.2
[INFO] [stderr]    Compiling openssl-sys v0.9.24
[INFO] [stderr]    Compiling libz-sys v1.0.18
[INFO] [stderr]    Compiling backtrace-sys v0.1.16
[INFO] [stderr]    Compiling curl-sys v0.4.1
[INFO] [stderr]     Checking phf v0.7.21
[INFO] [stderr]     Checking bytes v0.4.6
[INFO] [stderr]    Compiling aho-corasick v0.6.4
[INFO] [stderr]     Checking pulse v0.5.3
[INFO] [stderr]     Checking msdos_time v0.1.5
[INFO] [stdout] error[E0034]: multiple applicable items in scope
[INFO] [stdout]     --> /opt/rustwide/cargo-home/registry/src/github.com-1ecc6299db9ec823/petgraph-0.4.11/src/graph_impl/stable_graph/mod.rs:1173:19
[INFO] [stdout]      |
[INFO] [stdout] 1173 |         self.iter.find_map(|(i, node)| {
[INFO] [stdout]      |                   ^^^^^^^^ multiple `find_map` found
[INFO] [stdout]      |
[INFO] [stdout] note: candidate #1 is defined in an impl of the trait `iter_utils::IterUtilsExt` for the type `I`
[INFO] [stdout]     --> /opt/rustwide/cargo-home/registry/src/github.com-1ecc6299db9ec823/petgraph-0.4.11/src/iter_utils.rs:5:5
[INFO] [stdout]      |
[INFO] [stdout] 5    | /     fn find_map<F, R>(&mut self, mut f: F) -> Option<R>
[INFO] [stdout] 6    | |         where F: FnMut(Self::Item) -> Option<R>
[INFO] [stdout] 7    | |     {
[INFO] [stdout] 8    | |         while let Some(elt) = self.next() {
[INFO] [stdout] ...    |
[INFO] [stdout] 13   | |         None
[INFO] [stdout] 14   | |     }
[INFO] [stdout]      | |_____^
[INFO] [stdout]      = note: candidate #2 is defined in an impl of the trait `std::iter::Iterator` for the type `std::iter::Enumerate<I>`
[INFO] [stdout] help: disambiguate the associated function for candidate #1
[INFO] [stdout]      |
[INFO] [stdout] 1173 |         iter_utils::IterUtilsExt::find_map(&mut self.iter, |(i, node)| {
[INFO] [stdout] 1174 |             node.weight.as_ref().map(move |w| (node_index(i), w))
[INFO] [stdout] 1175 |         })
[INFO] [stdout]      |
[INFO] [stdout] help: disambiguate the associated function for candidate #2
[INFO] [stdout]      |
[INFO] [stdout] 1173 |         std::iter::Iterator::find_map(&mut self.iter, |(i, node)| {
[INFO] [stdout] 1174 |             node.weight.as_ref().map(move |w| (node_index(i), w))
[INFO] [stdout] 1175 |         })
[INFO] [stdout]      |
[INFO] [stdout] 
[INFO] [stdout] 
[INFO] [stdout] error[E0034]: multiple applicable items in scope
[INFO] [stdout]     --> /opt/rustwide/cargo-home/registry/src/github.com-1ecc6299db9ec823/petgraph-0.4.11/src/graph_impl/stable_graph/mod.rs:1365:19
[INFO] [stdout]      |
[INFO] [stdout] 1365 |         self.iter.find_map(|(i, edge)|
[INFO] [stdout]      |                   ^^^^^^^^ multiple `find_map` found
[INFO] [stdout]      |
[INFO] [stdout] note: candidate #1 is defined in an impl of the trait `iter_utils::IterUtilsExt` for the type `I`
[INFO] [stdout]     --> /opt/rustwide/cargo-home/registry/src/github.com-1ecc6299db9ec823/petgraph-0.4.11/src/iter_utils.rs:5:5
[INFO] [stdout]      |
[INFO] [stdout] 5    | /     fn find_map<F, R>(&mut self, mut f: F) -> Option<R>
[INFO] [stdout] 6    | |         where F: FnMut(Self::Item) -> Option<R>
[INFO] [stdout] 7    | |     {
[INFO] [stdout] 8    | |         while let Some(elt) = self.next() {
[INFO] [stdout] ...    |
[INFO] [stdout] 13   | |         None
[INFO] [stdout] 14   | |     }
[INFO] [stdout]      | |_____^
[INFO] [stdout]      = note: candidate #2 is defined in an impl of the trait `std::iter::Iterator` for the type `std::iter::Enumerate<I>`
[INFO] [stdout] help: disambiguate the associated function for candidate #1
[INFO] [stdout]      |
[INFO] [stdout] 1365 |         iter_utils::IterUtilsExt::find_map(&mut self.iter, |(i, edge)|
[INFO] [stdout] 1366 |             edge.weight.as_ref().map(move |weight| {
[INFO] [stdout] 1367 |                 EdgeReference {
[INFO] [stdout] 1368 |                     index: edge_index(i),
[INFO] [stdout] 1369 |                     node: edge.node,
[INFO] [stdout] 1370 |                     weight: weight,
[INFO] [stdout]    ...
[INFO] [stdout] help: disambiguate the associated function for candidate #2
[INFO] [stdout]      |
[INFO] [stdout] 1365 |         std::iter::Iterator::find_map(&mut self.iter, |(i, edge)|
[INFO] [stdout] 1366 |             edge.weight.as_ref().map(move |weight| {
[INFO] [stdout] 1367 |                 EdgeReference {
[INFO] [stdout] 1368 |                     index: edge_index(i),
[INFO] [stdout] 1369 |                     node: edge.node,
[INFO] [stdout] 1370 |                     weight: weight,
[INFO] [stdout]    ...
[INFO] [stdout] 
[INFO] [stdout] 
[INFO] [stdout] error[E0034]: multiple applicable items in scope
[INFO] [stdout]     --> /opt/rustwide/cargo-home/registry/src/github.com-1ecc6299db9ec823/petgraph-0.4.11/src/graph_impl/stable_graph/mod.rs:1529:19
[INFO] [stdout]      |
[INFO] [stdout] 1529 |         self.iter.find_map(|(i, node)| {
[INFO] [stdout]      |                   ^^^^^^^^ multiple `find_map` found
[INFO] [stdout]      |
[INFO] [stdout] note: candidate #1 is defined in an impl of the trait `iter_utils::IterUtilsExt` for the type `I`
[INFO] [stdout]     --> /opt/rustwide/cargo-home/registry/src/github.com-1ecc6299db9ec823/petgraph-0.4.11/src/iter_utils.rs:5:5
[INFO] [stdout]      |
[INFO] [stdout] 5    | /     fn find_map<F, R>(&mut self, mut f: F) -> Option<R>
[INFO] [stdout] 6    | |         where F: FnMut(Self::Item) -> Option<R>
[INFO] [stdout] 7    | |     {
[INFO] [stdout] 8    | |         while let Some(elt) = self.next() {
[INFO] [stdout] ...    |
[INFO] [stdout] 13   | |         None
[INFO] [stdout] 14   | |     }
[INFO] [stdout]      | |_____^
[INFO] [stdout]      = note: candidate #2 is defined in an impl of the trait `std::iter::Iterator` for the type `std::iter::Enumerate<I>`
[INFO] [stdout] help: disambiguate the associated function for candidate #1
[INFO] [stdout]      |
[INFO] [stdout] 1529 |         iter_utils::IterUtilsExt::find_map(&mut self.iter, |(i, node)| {
[INFO] [stdout] 1530 |             if node.weight.is_some() {
[INFO] [stdout] 1531 |                 Some(node_index(i))
[INFO] [stdout] 1532 |             } else { None }
[INFO] [stdout] 1533 |         })
[INFO] [stdout]      |
[INFO] [stdout] help: disambiguate the associated function for candidate #2
[INFO] [stdout]      |
[INFO] [stdout] 1529 |         std::iter::Iterator::find_map(&mut self.iter, |(i, node)| {
[INFO] [stdout] 1530 |             if node.weight.is_some() {
[INFO] [stdout] 1531 |                 Some(node_index(i))
[INFO] [stdout] 1532 |             } else { None }
[INFO] [stdout] 1533 |         })
[INFO] [stdout]      |
[INFO] [stdout] 
[INFO] [stdout] 
[INFO] [stdout] error[E0034]: multiple applicable items in scope
[INFO] [stdout]     --> /opt/rustwide/cargo-home/registry/src/github.com-1ecc6299db9ec823/petgraph-0.4.11/src/graph_impl/stable_graph/mod.rs:1575:19
[INFO] [stdout]      |
[INFO] [stdout] 1575 |         self.iter.find_map(|(i, node)| {
[INFO] [stdout]      |                   ^^^^^^^^ multiple `find_map` found
[INFO] [stdout]      |
[INFO] [stdout] note: candidate #1 is defined in an impl of the trait `iter_utils::IterUtilsExt` for the type `I`
[INFO] [stdout]     --> /opt/rustwide/cargo-home/registry/src/github.com-1ecc6299db9ec823/petgraph-0.4.11/src/iter_utils.rs:5:5
[INFO] [stdout]      |
[INFO] [stdout] 5    | /     fn find_map<F, R>(&mut self, mut f: F) -> Option<R>
[INFO] [stdout] 6    | |         where F: FnMut(Self::Item) -> Option<R>
[INFO] [stdout] 7    | |     {
[INFO] [stdout] 8    | |         while let Some(elt) = self.next() {
[INFO] [stdout] ...    |
[INFO] [stdout] 13   | |         None
[INFO] [stdout] 14   | |     }
[INFO] [stdout]      | |_____^
[INFO] [stdout]      = note: candidate #2 is defined in an impl of the trait `std::iter::Iterator` for the type `std::iter::Enumerate<I>`
[INFO] [stdout] help: disambiguate the associated function for candidate #1
[INFO] [stdout]      |
[INFO] [stdout] 1575 |         iter_utils::IterUtilsExt::find_map(&mut self.iter, |(i, node)| {
[INFO] [stdout] 1576 |             if node.weight.is_some() {
[INFO] [stdout] 1577 |                 Some(edge_index(i))
[INFO] [stdout] 1578 |             } else { None }
[INFO] [stdout] 1579 |         })
[INFO] [stdout]      |
[INFO] [stdout] help: disambiguate the associated function for candidate #2
[INFO] [stdout]      |
[INFO] [stdout] 1575 |         std::iter::Iterator::find_map(&mut self.iter, |(i, node)| {
[INFO] [stdout] 1576 |             if node.weight.is_some() {
[INFO] [stdout] 1577 |                 Some(edge_index(i))
[INFO] [stdout] 1578 |             } else { None }
[INFO] [stdout] 1579 |         })
[INFO] [stdout]      |
[INFO] [stdout] 
[INFO] [stdout] 
[INFO] [stderr]     Checking num-iter v0.1.34
[INFO] [stderr]     Checking num-rational v0.1.41
[INFO] [stderr]     Checking ordered-float v0.5.0
[INFO] [stdout] error: aborting due to 4 previous errors
[INFO] [stdout] 
[INFO] [stdout] 
[INFO] [stdout] For more information about this error, try `rustc --explain E0034`.
[INFO] [stdout] 
[INFO] [stderr] error: could not compile `petgraph`.
[INFO] [stderr] 
[INFO] [stderr] To learn more, run the command again with --verbose.
[INFO] [stderr] warning: build failed, waiting for other jobs to finish...
[INFO] [stderr] error: build failed
[INFO] running `Command { std: "docker" "inspect" "4fb52db2b708df954646dd87fd56377606af45870ebe3dbe9b0f3ee9d8709818", kill_on_drop: false }`
[INFO] running `Command { std: "docker" "rm" "-f" "4fb52db2b708df954646dd87fd56377606af45870ebe3dbe9b0f3ee9d8709818", kill_on_drop: false }`
[INFO] [stdout] 4fb52db2b708df954646dd87fd56377606af45870ebe3dbe9b0f3ee9d8709818
